{"id":2655,"date":"2024-05-06T10:13:15","date_gmt":"2024-05-06T10:13:15","guid":{"rendered":"https:\/\/hindi-online.com\/?page_id=2655"},"modified":"2024-05-06T10:40:54","modified_gmt":"2024-05-06T10:40:54","slug":"die-rolle-hindis-im-sueden-indiens","status":"publish","type":"page","link":"https:\/\/hindi-online.com\/?page_id=2655","title":{"rendered":"Die Rolle Hindis im S\u00fcden Indiens"},"content":{"rendered":"<div id=\"pl-2655\"  class=\"panel-layout\" ><div id=\"pg-2655-0\"  class=\"panel-grid panel-no-style\" ><div id=\"pgc-2655-0-0\"  class=\"panel-grid-cell\" ><div id=\"panel-2655-0-0-0\" class=\"so-panel widget widget_media_gallery panel-first-child panel-last-child\" data-index=\"0\" ><\/div><\/div><\/div><div id=\"pg-2655-1\"  class=\"panel-grid panel-no-style\" ><div id=\"pgc-2655-1-0\"  class=\"panel-grid-cell\" ><div id=\"panel-2655-1-0-0\" class=\"so-panel widget widget_text panel-first-child panel-last-child\" data-index=\"1\" ><h3 class=\"widget-title\">Die Rolle Hindis im S\u00fcden Indiens<\/h3>\t\t\t<div class=\"textwidget\"><p>HINTERGRUND Hindi ist mit \u00fcber f\u00fcnfhundert Millionen Muttersprachlern (Chandramouli &amp; General, 2011) die meistgesprochene Sprache Indiens. Sie geh\u00f6rt neben zwanzig anderen Sprachen (unter ihnen Urdu, Punjabi, Bengali, Gujarati) zur Familie der indoarischen Sprachen, die vorwiegend im Norden des Landes vertreten sind. Obwohl Sch\u00e4tzungen zufolge ungef\u00e4hr 80% der Landesbev\u00f6lkerung eine indoarische Sprache sprechen, ist das Gesamtbild der Sprachenvielfalt Indiens deutlich komplexer: Im S\u00fcden Indiens herrschen Sprachen der dravidischen Sprachfamilie vor, die von insgesamt 18% der Landesbev\u00f6lkerung gesprochen werden. Hierzu z\u00e4hlen unter anderem die Sprachen Telugu, Tamil, Kannada und Malayalam. Historiker sind sich einig, dass die dravidischen Sprachen bereits weit vor Einwanderung der indoarischen Sprachfamilie (15. Jhd. v.C.) in Indien vertreten waren (Krishnamurti, 2003). Doch trotz ihres relativen Alters und ihrer Relevanz f\u00fcr die s\u00fcdindischen Kulturen nimmt der Anteil der Sprecher s\u00fcdindischer Sprachen an der Gesamtbev\u00f6lkerung aktuellen Statistiken zufolge ab, w\u00e4hrend der Anteil der Hindisprecher kontinuierlich w\u00e4chst (Pruthi, 2018; Daniyal, 2018). Was sind die Gr\u00fcnde f\u00fcr diese Entwicklung und welche Rolle spielt Hindi im Kontext der s\u00fcdindischen Sprachen heutzutage?<span class=\"Apple-converted-space\">\u00a0 <a href=\"https:\/\/hindi-online.com\/wp-content\/uploads\/2024\/05\/Die-Rolle-Hindis-im-Sueden-Indiens.pdf\">Weiterlesen Die Rolle Hindis im S\u00fcden Indiens<\/a><\/span><\/p>\n<\/div>\n\t\t<\/div><\/div><\/div><\/div>","protected":false},"excerpt":{"rendered":"<p>HINTERGRUND Hindi ist mit \u00fcber f\u00fcnfhundert Millionen Muttersprachlern (Chandramouli &amp; General, 2011) die meistgesprochene Sprache Indiens. Sie geh\u00f6rt neben zwanzig anderen Sprachen (unter ihnen Urdu, Punjabi, Bengali, Gujarati) zur Familie [&hellip;]<\/p>\n","protected":false},"author":1,"featured_media":0,"parent":2642,"menu_order":0,"comment_status":"closed","ping_status":"closed","template":"","meta":[],"_links":{"self":[{"href":"https:\/\/hindi-online.com\/index.php?rest_route=\/wp\/v2\/pages\/2655"}],"collection":[{"href":"https:\/\/hindi-online.com\/index.php?rest_route=\/wp\/v2\/pages"}],"about":[{"href":"https:\/\/hindi-online.com\/index.php?rest_route=\/wp\/v2\/types\/page"}],"author":[{"embeddable":true,"href":"https:\/\/hindi-online.com\/index.php?rest_route=\/wp\/v2\/users\/1"}],"replies":[{"embeddable":true,"href":"https:\/\/hindi-online.com\/index.php?rest_route=%2Fwp%2Fv2%2Fcomments&post=2655"}],"version-history":[{"count":16,"href":"https:\/\/hindi-online.com\/index.php?rest_route=\/wp\/v2\/pages\/2655\/revisions"}],"predecessor-version":[{"id":2799,"href":"https:\/\/hindi-online.com\/index.php?rest_route=\/wp\/v2\/pages\/2655\/revisions\/2799"}],"up":[{"embeddable":true,"href":"https:\/\/hindi-online.com\/index.php?rest_route=\/wp\/v2\/pages\/2642"}],"wp:attachment":[{"href":"https:\/\/hindi-online.com\/index.php?rest_route=%2Fwp%2Fv2%2Fmedia&parent=2655"}],"curies":[{"name":"wp","href":"https:\/\/api.w.org\/{rel}","templated":true}]}}